107*v + 2086. What is b(81)?
-20
Let i(d) = -82*d - 1310. Give i(-16).
2
Let y(a) = 17*a + 99. What is y(-20)?
-241
Let v(f) = 4*f - 680. Calculate v(56).
-456
Let t(x) = x**3 - 6*x**2 - 13*x - 1. Give t(6).
-79
Let k(t) = t**2 + 1607*t - 11314. Give k(7).
-16
Let c(p) = 808*p - 6470. What is c(8)?
-6
Let j(d) = d**3 - 11*d**2 - 160*d + 1726. Calculate j(11).
-34
Let r(f) = -52*f**2 + 2*f - 1. Calculate r(1).
-51
Let m(j) = -j**3 - 2*j**2 + 12*j + 30. Calculate m(-5).
45
Let x(p) = -22*p**3 + 11*p**2 - 3*p - 1. Determine x(2).
-139
Let r(n) = 15*n**3 - 166*n**2 + 10*n - 17. What is r(11)?
-28
Let i(n) = n**3 - 19*n**2 + 80*n + 28. What is i(12)?
-20
Let s(f) = -235*f**2 - 24*f + 22. Give s(2).
-966
Let b(k) = k**2 - 2*k. Calculate b(1).
-1
Let z(s) = -s**3 + s**2 + 43*s - 11. Determine z(7).
-4
Let u(f) = 9*f**2 - 88*f + 84. Calculate u(1).
5
Let b(l) = l**2 + 32*l - 60. Determine b(-35).
45
Let o(p) = -15*p**2 + 6*p - 149. What is o(0)?
-149
Let x(g) = -7*g**2 + 589*g + 589. Determine x(-1).
-7
Let c(r) = 3*r**2 - 37*r + 209. Give c(13).
235
Let h(f) = -f**3 + 76*f**2 + 79*f - 94. Calculate h(77).
60
Let q(i) = 15*i**3 - 4*i**2 + 8*i - 6. Calculate q(1).
13
Let r(x) = 2*x**2 + 227*x + 974. What is r(-109)?
-7
Let w(a) = 1117*a + 10059. Calculate w(-9).
6
Let t(r) = r**2 - 82*r + 796. What is t(71)?
15
Let h(i) = -i**3 - 82*i**2 + 45408*i + 6. Give h(-258).
6
Let h(u) = -4653*u + 186130. Determine h(40).
10
Let r(f) = f**3 - 26*f**2 + 70*f + 56. What is r(23)?
79
Let a(b) = -1243*b + 11180. Calculate a(9).
-7
Let k(i) = 2*i**3 - i**2 + 253*i - 177. What is k(0)?
-177
Let n(d) = 3*d**2 + 112*d + 113. Give n(-1).
4
Let y(n) = -35*n + 341. Determine y(9).
26
Let r(o) = -o**3 - 142*o**2 - 827*o - 1520. What is r(-136)?
-24
Let k(p) = -2*p**3 - 66*p**2 - 12*p - 88. What is k(-33)?
308
Let v(s) = -s**3 + 19*s**2 - 22*s + 42. Determine v(18).
-30
Let o(q) = 107*q**3 - q**2 + 2. Determine o(-1).
-106
Let j(d) = -2*d**2 + 172*d - 734. Determine j(81).
76
Let y(k) = -k**2 + 279*k + 560. What is y(-2)?
-2
Let c(v) = -158*v + 2213. Calculate c(14).
1
Let p(c) = -c**3 + 66*c**2 + 4*c - 256. Give p(66).
8
Let z(r) = 394*r - 21044. Determine z(53).
-162
Let b(a) = 9*a**3 - 9*a**2 - 11*a + 14. What is b(2)?
28
Let a(y) = -y**3 + 6*y**2 + 2*y - 97. Give a(0).
-97
Let a(u) = 39*u + 199. Calculate a(-5).
4
Let h(n) = 662*n + 4652. What is h(-7)?
18
Let x(c) = 332*c + 4651. Give x(-14).
3
Let j(u) = -3*u**2 + 98*u + 219. Calculate j(35).
-26
Let h(d) = -10*d**2 - 148*d + 39. Determine h(-15).
9
Let k(b) = -6*b + 118. Calculate k(-9).
172
Let y(l) = 2*l**2 - 14*l - 18. Give y(4).
-42
Let x(c) = -619*c + 2468. Calculate x(4).
-8
Let n(x) = -3*x**2 + 10*x + 58. Calculate n(-5).
-67
Let h(a) = 7*a - 156. Determine h(16).
-44
Let y(g) = 4*g**3 + 222*g**2 + 109*g - 92. Give y(-55).
-37
Let u(x) = 67*x**3 - 6*x**2 + 5*x + 12. What is u(2)?
534
Let g(d) = 3*d**2 + 19*d - 19. Calculate g(5).
151
Let h(a) = 8*a - 99. What is h(2)?
-83
Let v(q) = q**2 + 92*q - 265. What is v(-94)?
-77
Let j(z) = 139*z - 67. Determine j(1).
72
Let w(o) = -46*o**3 - o**2 - 28*o - 28. Determine w(-1).
45
Let w(y) = 305*y - 292. Give w(1).
13
Let q(z) = -z**2 + 7*z + 31. Calculate q(7).
31
Let r(c) = 1092*c + 14198. What is r(-13)?
2
Let r(k) = 9*k + 162. Calculate r(-13).
45
Let o(m) = 3*m**2 + 54*m - 266. What is o(-20)?
-146
Let x(k) = 22*k + 402. Give x(-17).
28
Let s(h) = 186*h - 19910. Determine s(107).
-8
Let n(v) = -710*v - 129217. Calculate n(-182).
3
Let p(q) = q**2 + 47*q + 182. Calculate p(-17).
-328
Let r(p) = p**3 - 10*p**2 - 305*p + 1970. Calculate r(6).
-4
Let x(t) = -t - 142. Give x(41).
-183
Let a(p) = p + 1. Determine a(-5).
-4
Let m(b) = -21*b**2 - 132*b - 28. Calculate m(-6).
8
Let v(i) = i**3 + 8*i**2 - 116*i - 993. Give v(-8).
-65
Let t(r) = 159*r - 2549. Calculate t(16).
-5
Let r(o) = -775*o - 86024. Determine r(-111).
1
Let a(x) = -2*x**3 + 5*x**2 - 11*x + 33. What is a(3)?
-9
Let q(w) = 4*w**2 + 211*w + 152. What is q(-50)?
-398
Let a(t) = t**3 + 133*t**2 - 142*t - 1068. What is a(-134)?
4
Let s(u) = -u**2 - 31*u + 4. Determine s(0).
4
Let o(v) = -v**2 - 58*v + 18214. Determine o(-167).
11
Let m(c) = 2664*c + 34632. Calculate m(-13).
0
Let c(x) = -8*x + 69. Give c(9).
-3
Let r(i) = i**3 - 132*i**2 - 545*i + 144. What is r(136)?
8
Let s(j) = -j**2 - j + 45. Calculate s(8).
-27
Let j(t) = -6*t**3 + 24*t**2 + 6*t - 8. What is j(4)?
16
Let u(l) = -l**3 + 57*l**2 + 31*l + 1541. Give u(58).
-25
Let a(v) = -21*v**2 - 43*v + 92. Determine a(2).
-78
Let d(j) = 12*j**3 + 14*j**2 + 26*j - 6. Calculate d(-2).
-98
Let j(r) = r**3 - 9*r**2 + 31*r - 80. Calculate j(9).
199
Let p(t) = 9*t + 60. What is p(-5)?
15
Let i(f) = -2*f**3 + 8*f**2 - 15*f + 10. Give i(3).
-17
Let y(w) = w**3 + 30*w**2 - 31*w - 9. Calculate y(-31).
-9
Let q(d) = -d**3 - d**2 + 49*d - 13. Calculate q(7).
-62
Let t(p) = -p**2 - 14*p + 48. Calculate t(-36).
-744
Let y(p) = -1975*p - 9818. Determine y(-5).
57
Let u(k) = 444*k - 3533. Give u(8).
19
Let c(q) = 8734*q - 61151. What is c(7)?
-13
Let t(z) = -z**3 - 11*z**2 + 36*z - 26. Calculate t(5).
-246
Let l(k) = k**2 - 31*k - 1370. Determine l(54).
-128
Let d(k) = -k**2 - 101*k + 759. What is d(7)?
3
Let t(z) = -3*z**3 - 10*z**2 + z + 20. Give t(-3).
8
Let q(l) = -139*l**2 + 3885*l + 203. Give q(28).
7
Let f(t) = -4*t**2 + 41*t - 6. Determine f(10).
4
Let m(w) = 4*w**3 + 17*w**2 + 16*w + 2. What is m(-3)?
-1
Let u(j) = 64*j**2 + 126*j + 1. Give u(-3).
199
Let t(a) = 4*a - 87. Determine t(-20).
-167
Let u(g) = 2090*g + 20930. What is u(-10)?
30
Let p(z) = -37*z**2 + 25*z + 70. Calculate p(-3).
-338
Let k(p) = p**3 + 30*p**2 - 215*p - 35. What is k(-36)?
-71
Let f(n) = -427*n + 6397. Give f(15).
-8
Let k(z) = z**2 + 45*z - 294. Calculate k(-42).
-420
Let w(g) = 200*g - 287. Determine w(6).
913
Let o(i) = i**3 + i**2 - 4*i - 91. Determine o(7).
273
Let o(v) = v**2 - 126*v + 700. What is o(6)?
-20
Let f(s) = -38*s + 798. What is f(31)?
-380
Let x(q) = -9*q**3 - 16*q**2 - 30*q + 1. Give x(-2).
69
Let b(y) = y**3 + 71*y**2 + 609*y - 126. Determine b(-61).
-65
Let l(r) = -96*r + 2171. Give l(17).
539
Let a(z) = -2*z**2 + 3*z - 13. Calculate a(6).
-67
Let b(j) = -150*j**3 + j**2 + 3*j + 2. What is b(-1)?
150
Let q(g) = 4298*g**2 - 154728*g - 1. What is q(36)?
-1
Let q(w) = 307*w + 2455. Give q(-8).
-1
Let m(g) = g**2 - 98*g - 614. What is m(104)?
10
Let b(c) = 6*c - 438. Determine b(48).
-150
Let y(k) = -63*k - 291. Calculate y(-5).
24
Let a(x) = -4*x - 96. Give a(-16).
-32
Let d(a) = -4*a - 22. What is d(4)?
-38
Let x(r) = 6*r**3 - 157*r**2 + 25*r - 55. Give x(26).
-81
Let g(z) = 93*z**3 + 3*z**2 + 2*z. Determine g(-1).
-92
Let b(f) = -f**2 + 3956*f + 27744. What is b(-7)?
3
Let c(y) = -40*y**2 + 715*y - 594. Determine c(17).
1
Let s(f) = -13*f**2 + 5*f + 10. Give s(-4).
-218
Let a(k) = 83*k**2 + 4567*k + 138. Calculate a(-55).
28
Let k(o) = o**2 + 15*o + 45. Calculate k(-13).
19
Let w(i) = i**3 - 129*i**2 + 130*i - 252. Give w(128).
4
Let f(c) = c**2 + 60*c + 803. Determine f(-19).
24
Let h(w) = -45*w**2 + 16*w - 20. Calculate h(3).
-377
Let f(u) = u**2 + 100*u + 1644. What is f(-79)?
-15
Let p(t) = -2*t**3 + 91*t**2 + 39*t - 29. Determine p(46).
-351
Let l(x) = -x**3 - 64*x**2 - 401*x - 109. Give l(-57).
5
Let x(s) = -131*s + 1323. Give x(10).
13
Let i(y) = y**3 - 61*y**2 - 191*y - 71. Give i(64).
-7
Let c(t) = -526*t + 1589. Give c(3).
11
Let r(z) = -187*z - 21404. Give r(-114).
-86
Let o(m) = -m**3 - 9*m**2 + 9*m - 37. What is o(-10)?
-27
Let p(w) = -w**2 - 39*w + 54. Give p(-40).
14
Let h(k) = k**3 + 6*k**2 + 13*k - 7. Calculate h(-7).
-147
Let k(m) = 11*m - 272. Determine k(27).
25
Let t(p) = p**3 + 39*p**2 + 108*p + 1. Give t(-36).
1
Let p(g) = 141*g + 34. Determine p(0).
34
Let v(z) = -24*z**2 - 1900*z + 3565. What is v(-81)?
1
Let b(d) = 706*d + 1410. Give b(-2).
-2
Let l(v) = v**3 + 913*v**2 - 1825*v - 16. Determine l(2).
-6
Let p(z) = 27*z - 28. What is p(3)?
53
Let f(a) = a**3 + 4*a**2 - 16*a - 54. What is f(-3)?
3
Let d(n) = -2*n**2 - 41*n - 20. Give d(-26).
-306
Let v(p) = p**2 + 208*p + 1208. Give v(-6).
-4
Let q(u) = -45*u + 40. What is q(0)?
40
Let s(p) = 20*p**2 + 54*p - 7. Calculate s(-5).
223
Let n(g) = 2*g**2 - 252*g + 2141. Calculate n(9).
35
Le